{"id":227,"date":"2016-12-14T23:04:04","date_gmt":"2016-12-14T22:04:04","guid":{"rendered":"http:\/\/danielletan.fr\/?page_id=227"},"modified":"2024-02-07T18:53:09","modified_gmt":"2024-02-07T17:53:09","slug":"a-propos","status":"publish","type":"page","link":"https:\/\/danielletan.fr\/?page_id=227","title":{"rendered":"Consulting"},"content":{"rendered":"<h1 style=\"text-align: center;\"><span style=\"color: #993300;\">Key competencies<\/span><\/h1>\n<h1 style=\"text-align: center;\"><span style=\"color: #993300;\">Socio-Anthropology of Development &amp; Political Economy Analysis<\/span><\/h1>\n<ul>\n<li><span style=\"color: #000000;\">Ability to<\/span> <strong><span style=\"color: #000080;\">lead and design research projects<\/span><\/strong> <span style=\"color: #000000;\">(mixed methods, quantitative and qualitative, participatory and inclusive approach)<\/span><\/li>\n<li><span style=\"color: #000080;\"><strong>Data<\/strong><\/span>\u00a0<span style=\"color: #000080;\"><strong>visualisation<\/strong><\/span><\/li>\n<li><span style=\"color: #000080;\"><strong>Participatory Training<\/strong><\/span> <span style=\"color: #000000;\">(MEAL officers, data collection and analysis)<\/span><\/li>\n<li><strong><span style=\"color: #000080;\">Training on cross-cultural management\u00a0<\/span><\/strong><\/li>\n<li><strong><span style=\"color: #000080;\">Capitalisation and Knowledge Management<\/span><\/strong> <span style=\"color: #000000;\">(publication and editing of reports\/articles\/books in French and English, use of ICT tools in learning process)<\/span><\/li>\n<li><span style=\"color: #000000;\">Experience in<\/span><strong><span style=\"color: #000080;\"> implementing development, health and migration-related projects<\/span> <\/strong><span style=\"color: #000000;\">(disability and inclusion, innovation, economic development, diasporas, migration, gender, human trafficking and modern slavery).<\/span><\/li>\n<li><span style=\"color: #000080;\"><strong>Policy analyst<\/strong><\/span> <span style=\"color: #000000;\">(social impact studies, social economy, gender studies, social and urban development, Chinese migration and investment in Southeast Asia)<\/span><\/li>\n<li><span style=\"color: #000000;\">A strong track record in conducting research and analysis, combining primary and secondary sources to<\/span> <strong><span style=\"color: #000080;\">produce high-quality reports and other outputs<\/span><\/strong> <span style=\"color: #000000;\">(academic research, research-oriented, policy focused and field-based interventions).<\/span><\/li>\n<li><span style=\"color: #000000;\">Capacity to<\/span> <span style=\"color: #000080;\"><strong>work autonomously as well as with highly diverse people and across a diversity of contexts<\/strong><\/span>.<\/li>\n<li><span style=\"color: #000000;\">Skills in<\/span> <strong><span style=\"color: #000080;\">fundraising<\/span><\/strong> <span style=\"color: #000000;\">(identification of new opportunities and writing research proposals).<\/span><\/li>\n<\/ul>\n<h1 style=\"text-align: center;\"><\/h1>\n<h1 style=\"text-align: center;\"><span style=\"color: #993300;\">Missions<\/span><\/h1>\n<h1><img loading=\"lazy\" decoding=\"async\" class=\"size-medium wp-image-958 aligncenter\" src=\"https:\/\/danielletan.fr\/wp-content\/uploads\/2024\/02\/unnamed-300x300.jpg\" alt=\"\" width=\"300\" height=\"300\" srcset=\"https:\/\/danielletan.fr\/wp-content\/uploads\/2024\/02\/unnamed-300x300.jpg 300w, https:\/\/danielletan.fr\/wp-content\/uploads\/2024\/02\/unnamed-150x150.jpg 150w, https:\/\/danielletan.fr\/wp-content\/uploads\/2024\/02\/unnamed-768x768.jpg 768w, https:\/\/danielletan.fr\/wp-content\/uploads\/2024\/02\/unnamed-700x700.jpg 700w, https:\/\/danielletan.fr\/wp-content\/uploads\/2024\/02\/unnamed.jpg 900w\" sizes=\"auto, (max-width: 300px) 100vw, 300px\" \/><\/h1>\n<h3 class=\"cvGsUA direction-ltr align-start para-style-body\"><strong><span style=\"color: #000080;\">Intercultural management trainer<\/span><\/strong><\/h3>\n<ul>\n<li><strong><span style=\"color: #000080;\">Coaching\/Training of expatriates from major industrial groups (distance learning, ongoing)<\/span><\/strong><\/li>\n<li><strong><span style=\"color: #000080;\">Training in \u00ab\u00a0Interculturality and Disability\u00a0\u00bb for the Paralympic Judo Federation (Normandy Sports Centre, Houlgate, 5 September 2024)<\/span><\/strong><\/li>\n<li><strong><span style=\"color: #000080;\">Training in \u00ab\u00a0Transculturality in healthcare &#8211; Improving communication and relations between carers and international patients\u00a0\u00bb for the international team at Foch Hospital in Suresnes (January 2024).<\/span><\/strong><\/li>\n<\/ul>\n<h1><img loading=\"lazy\" decoding=\"async\" class=\"size-full wp-image-869 aligncenter\" src=\"https:\/\/danielletan.fr\/wp-content\/uploads\/2021\/02\/HMC-Logo.png\" alt=\"\" width=\"200\" height=\"200\" srcset=\"https:\/\/danielletan.fr\/wp-content\/uploads\/2021\/02\/HMC-Logo.png 200w, https:\/\/danielletan.fr\/wp-content\/uploads\/2021\/02\/HMC-Logo-150x150.png 150w\" sizes=\"auto, (max-width: 200px) 100vw, 200px\" \/><\/h1>\n<h3 style=\"text-align: left;\"><strong><span style=\"color: #000080;\">Data analysis and visualisation \/ Academic editing:<\/span><\/strong><\/h3>\n<ul>\n<li><span style=\"color: #000000;\"><span style=\"color: #000080;\"><strong>FDI &amp; Social Impact. Lessons for Tunisia.\u00a0<\/strong><\/span><\/span><span style=\"color: #000080;\"><strong>Social Impact Assessment in 5 Key Sectors (ICT, Automative Industry, Pharmaceutical Sector, Agribusiness, Renewable Energy)<\/strong><\/span><span style=\"color: #000000;\">, funded by <span style=\"color: #800000;\"><strong><span style=\"color: #800000;\"><a style=\"color: #800000;\" href=\"https:\/\/expectationstate.com\">Expectation State<\/a><\/span>.\u00a0<\/strong><\/span><\/span><\/li>\n<li><span style=\"color: #000080;\"><strong>Analyse de l&rsquo;\u00e9conomie politique \u00e0 la fronti\u00e8re tuniso-libyenne<\/strong><\/span>, <span style=\"color: #000000;\">funded by<\/span>\u00a0<strong><span style=\"color: #800000;\">PNUD Tunisie<\/span><\/strong><span style=\"color: #000000;\">, projet <em>Tarabot<\/em>, 2020-2021<\/span><\/li>\n<li><strong><span style=\"color: #000080;\">Analyse des capacit\u00e9s d\u2019action et d\u2019influence\u00a0des centres d\u2019analyse publics et des \u00ab think tanks \u00bb priv\u00e9s \u00e0\u00a0vocation \u00e9conomique en Tunisie<\/span><\/strong>, <span style=\"color: #000000;\">funded by<\/span> <a href=\"https:\/\/ecdpm.org\"><strong><span style=\"color: #800000;\">ECDPM<\/span><\/strong><\/a><span style=\"color: #000000;\">, 2020.<\/span><\/li>\n<\/ul>\n<h1 style=\"text-align: center;\"><img loading=\"lazy\" decoding=\"async\" class=\"wp-image-736 aligncenter\" src=\"https:\/\/danielletan.fr\/wp-content\/uploads\/2018\/04\/HI-logo.png\" alt=\"\" width=\"280\" height=\"157\" \/><\/h1>\n<ul>\n<li><span style=\"color: #000080;\">Social impact study of <a style=\"color: #000080;\" href=\"https:\/\/danielletan.fr\/?p=754\"><strong>IMP&amp;ACTE 3D Project<\/strong><\/a> (Introduction of 3D printing technology and tele-rehabilitation for the production of orthosis in West Africa). Funded by the Belgian Development Cooperation (2018-2019)<\/span><\/li>\n<li><span style=\"color: #000080;\">Action-Research \u00ab\u00a0<strong><a style=\"color: #000080;\" href=\"https:\/\/genrehandicapao.hubside.fr\">Etre fille et handicap\u00e9e en Afrique de l&rsquo;Ouest (Mali, Niger, Burkina Faso); la situation \u00e9ducative en question<\/a><\/strong>\u00ab\u00a0, funded by NORAD and AFD (<span class=\"OYPEnA text-decoration-none text-strikethrough-none\">January 2019-February 2021)<\/span><\/span><\/li>\n<li>\n<p class=\"cvGsUA direction-ltr align-start para-style-body\"><span style=\"color: #000080;\"><strong><a class=\"OYPEnA text-decoration-underline text-strikethrough-none\" style=\"color: #000080;\" draggable=\"false\" href=\"https:\/\/www.canva.com\/design\/DAE4R_NYV00\/q0_yJm-p5k6_UYDz-L2nvg\/view?utm_content=DAE4R_NYV00&amp;utm_campaign=designshare&amp;utm_medium=link&amp;utm_source=publishsharelink\" target=\"_blank\" rel=\"noopener noreferrer\">Best practices to promote the Inclusive Education Continuum for children and young people with disabilities<\/a><\/strong><span class=\"OYPEnA text-decoration-none text-strikethrough-none\">. <\/span><span class=\"OYPEnA text-decoration-none text-strikethrough-none\">January-February 2022<\/span><\/span><\/p>\n<\/li>\n<li>\n<p class=\"cvGsUA direction-ltr align-start para-style-body\"><span style=\"color: #000080;\"><span class=\"OYPEnA text-decoration-none text-strikethrough-none\">Mission to support the writing of a <strong>multi-country project proposal<\/strong> within the framework of the Multi-year Partnership Agreement (CPP &#8211; Phase 2) with AFD (Note d&rsquo;initiative NIONG)\u00a0<\/span><\/span><span style=\"color: #000080; font-size: 1.8rem;\">on mental health and the Inclusive Education\/Vocational Training Continuum (<span style=\"color: #000080;\"><span class=\"OYPEnA text-decoration-none text-strikethrough-none\">October-November 2021).<\/span><\/span><\/span><\/p>\n<\/li>\n<li><span style=\"color: #000080;\"><span class=\"OYPEnA text-decoration-none text-strikethrough-none\"><strong><a class=\"OYPEnA text-decoration-underline text-strikethrough-none\" draggable=\"false\" href=\"https:\/\/hifed.sharepoint.com\/:f:\/r\/sites\/msteams_70420a_860960\/Documents%20partages\/1.%20ScoPeO%20-%20Equiframe\/ScoPeo%20Family?csf=1&amp;web=1&amp;e=VsiPMH\" target=\"_blank\" rel=\"noopener noreferrer\">ScoPeO-Family: An alternative approach to measuring the quality of life of special needs populations. An exploratory research conducted within DPCP Project &#8211; Mali Program<\/a> <\/strong>(Handicap International,\u00a0<\/span><span class=\"OYPEnA text-decoration-none text-strikethrough-none\">September 2022-January 2023).<\/span><\/span><\/li>\n<\/ul>\n<p><img loading=\"lazy\" decoding=\"async\" class=\"wp-image-714 aligncenter\" src=\"https:\/\/danielletan.fr\/wp-content\/uploads\/2018\/04\/logo-sciences-po-paris-300x101.png\" alt=\"\" width=\"294\" height=\"100\" srcset=\"https:\/\/danielletan.fr\/wp-content\/uploads\/2018\/04\/logo-sciences-po-paris-300x101.png 300w, https:\/\/danielletan.fr\/wp-content\/uploads\/2018\/04\/logo-sciences-po-paris.png 387w\" sizes=\"auto, (max-width: 294px) 100vw, 294px\" \/><\/p>\n<ul>\n<li><span style=\"color: #000080;\"><strong><span style=\"font-size: 1.8rem;\">Evaluation of international applications to the Undergraduate College and Dual degree\u00a0<\/span><\/strong><\/span><span style=\"color: #000080;\"><span style=\"caret-color: #000080;\"><b>diploma.\u00a0<\/b><\/span><\/span><\/li>\n<\/ul>\n<p>&nbsp;<\/p>\n<p><img loading=\"lazy\" decoding=\"async\" class=\"wp-image-737 aligncenter\" src=\"https:\/\/danielletan.fr\/wp-content\/uploads\/2018\/04\/ASI-logo-regular-for-web-300x110.png\" alt=\"\" width=\"265\" height=\"97\" srcset=\"https:\/\/danielletan.fr\/wp-content\/uploads\/2018\/04\/ASI-logo-regular-for-web-300x110.png 300w, https:\/\/danielletan.fr\/wp-content\/uploads\/2018\/04\/ASI-logo-regular-for-web.png 600w\" sizes=\"auto, (max-width: 265px) 100vw, 265px\" \/><img loading=\"lazy\" decoding=\"async\" class=\"wp-image-738 aligncenter\" src=\"https:\/\/danielletan.fr\/wp-content\/uploads\/2018\/04\/ECPAT-UK-300x300.jpg\" alt=\"\" width=\"103\" height=\"103\" srcset=\"https:\/\/danielletan.fr\/wp-content\/uploads\/2018\/04\/ECPAT-UK-300x300.jpg 300w, https:\/\/danielletan.fr\/wp-content\/uploads\/2018\/04\/ECPAT-UK-150x150.jpg 150w, https:\/\/danielletan.fr\/wp-content\/uploads\/2018\/04\/ECPAT-UK.jpg 400w\" sizes=\"auto, (max-width: 103px) 100vw, 103px\" \/><\/p>\n<ul>\n<li><a href=\"https:\/\/drive.google.com\/file\/d\/1GoMKAK_-_0_LcrearTeXrDujyMJpRTBq\/view?usp=sharing\"><strong><span style=\"color: #000080;\"><span style=\"font-size: 1.8rem;\">Mapping Vulnerabilities of Vietnamese Migrants: Contextual Analysis for France<\/span><\/span><\/strong><\/a><\/li>\n<\/ul>\n<p><img loading=\"lazy\" decoding=\"async\" class=\"wp-image-740 aligncenter\" src=\"https:\/\/danielletan.fr\/wp-content\/uploads\/2018\/04\/LogoDMInew-300x107.jpg\" alt=\"\" width=\"269\" height=\"96\" srcset=\"https:\/\/danielletan.fr\/wp-content\/uploads\/2018\/04\/LogoDMInew-300x107.jpg 300w, https:\/\/danielletan.fr\/wp-content\/uploads\/2018\/04\/LogoDMInew.jpg 563w\" sizes=\"auto, (max-width: 269px) 100vw, 269px\" \/><\/p>\n<ul>\n<li><span style=\"color: #000000;\">Design and writing of the proposal <strong><span style=\"color: #000080;\">\u201cAsia Pacific Research and Advice Network\u201d (APRAN)<\/span><\/strong> funded by the European Union as part of its Foreign Policy Instrument. This project aimed to promote EU interests in its relations with Asia-Pacific partners (bilateral and regional) by facilitating the adoption of a more focused, long-term vision in different policy areas.<\/span><\/li>\n<\/ul>\n<p><img loading=\"lazy\" decoding=\"async\" class=\"wp-image-741 aligncenter\" src=\"https:\/\/danielletan.fr\/wp-content\/uploads\/2018\/04\/logo_oxfam_Intermon-300x63.png\" alt=\"\" width=\"271\" height=\"57\" srcset=\"https:\/\/danielletan.fr\/wp-content\/uploads\/2018\/04\/logo_oxfam_Intermon-300x63.png 300w, https:\/\/danielletan.fr\/wp-content\/uploads\/2018\/04\/logo_oxfam_Intermon-700x147.png 700w, https:\/\/danielletan.fr\/wp-content\/uploads\/2018\/04\/logo_oxfam_Intermon-600x126.png 600w, https:\/\/danielletan.fr\/wp-content\/uploads\/2018\/04\/logo_oxfam_Intermon.png 711w\" sizes=\"auto, (max-width: 271px) 100vw, 271px\" \/><\/p>\n<ul>\n<li><span style=\"color: #000000;\">Evaluation of the gender-oriented project <strong><span style=\"color: #000080;\">\u201cSupport for Income-Generating Activities for Craftswomen in poor neighborhoods of Fez\u201d<\/span> <\/strong>(Morocco).<\/span><\/li>\n<\/ul>\n","protected":false},"excerpt":{"rendered":"<p>Key competencies Socio-Anthropology of Development &amp; Political Economy Analysis Ability to lead and design research projects (mixed methods, quantitative and qualitative, participatory and inclusive approach) Data\u00a0visualisation Participatory Training (MEAL officers, data collection and analysis) Training on cross-cultural management\u00a0 Capitalisation and Knowledge Management (publication and editing of reports\/articles\/books in French and English, use of ICT tools&#8230; <\/p>\n<div class=\"link-more\"><a href=\"https:\/\/danielletan.fr\/?page_id=227\">En savoir plus<\/a><\/div>\n","protected":false},"author":1,"featured_media":0,"parent":0,"menu_order":0,"comment_status":"closed","ping_status":"closed","template":"","meta":{"footnotes":""},"class_list":["post-227","page","type-page","status-publish","hentry"],"_links":{"self":[{"href":"https:\/\/danielletan.fr\/index.php?rest_route=\/wp\/v2\/pages\/227","targetHints":{"allow":["GET"]}}],"collection":[{"href":"https:\/\/danielletan.fr\/index.php?rest_route=\/wp\/v2\/pages"}],"about":[{"href":"https:\/\/danielletan.fr\/index.php?rest_route=\/wp\/v2\/types\/page"}],"author":[{"embeddable":true,"href":"https:\/\/danielletan.fr\/index.php?rest_route=\/wp\/v2\/users\/1"}],"replies":[{"embeddable":true,"href":"https:\/\/danielletan.fr\/index.php?rest_route=%2Fwp%2Fv2%2Fcomments&post=227"}],"version-history":[{"count":53,"href":"https:\/\/danielletan.fr\/index.php?rest_route=\/wp\/v2\/pages\/227\/revisions"}],"predecessor-version":[{"id":959,"href":"https:\/\/danielletan.fr\/index.php?rest_route=\/wp\/v2\/pages\/227\/revisions\/959"}],"wp:attachment":[{"href":"https:\/\/danielletan.fr\/index.php?rest_route=%2Fwp%2Fv2%2Fmedia&parent=227"}],"curies":[{"name":"wp","href":"https:\/\/api.w.org\/{rel}","templated":true}]}}